ase 5) to base 3
12101201
Convert -206061 (base 7) to base 5.
-2120330
What is -602 (base 7) in base 5?
-2141
What is -10069 (base 10) in base 6?
-114341
What is -249 (base 11) in base 6?
-1211
What is -124442 (base 5) in base 7?
-20366
What is -22341 (base 8) in base 14?
-3625
What is 6dd0 (base 14) in base 16?
4afa
What is -91a4 (base 13) in base 15?
-5e36
Convert -1622 (base 9) to base 15.
-575
Convert 201001210 (base 3) to base 5.
421044
Convert 1011111100010 (base 2) to base 10.
6114
Convert 47 (base 14) to base 8.
77
What is 426 (base 10) in base 7?
1146
Convert 25124 (base 6) to base 4.
322030
-6156 (base 10) to base 4
-1200030
Convert -6333 (base 8) to base 7.
-12411
-1210110 (base 3) to base 2
-10100011100
What is -243 (base 15) in base 3?
-201000
204 (base 6) to base 16
4c
474 (base 8) to base 15
161
12683 (base 16) to base 5
4403040
-38c5 (base 15) to base 2
-10111101001110
What is 10311013 (base 4) in base 14?
72d1
What is 1a60 (base 11) in base 16?
a2f
What is 373 (base 8) in base 5?
2001
What is 2cd (base 14) in base 2?
1000111101
What is -21d4 (base 15) in base 11?
-5432
Convert -110101001101000 (base 2) to base 13.
-c525
-1a7 (base 13) to base 2
-100110010
423341 (base 5) to base 2
11011110001101
20310 (base 4) to base 6
2340
Convert -3304 (base 5) to base 14.
-246
111001101001 (base 2) to base 5
104224
What is -378 (base 16) in base 15?
-3e3
4ce (base 15) to base 10
1094
Convert 319 (base 12) to base 14.
245
1225 (base 6) to base 15
155
What is 135 (base 13) in base 2?
11010101
Convert -10a58 (base 16) to base 7.
-402534
Convert 112011 (base 8) to base 6.
451241
Convert 103020 (base 4) to base 5.
14344
What is -202202 (base 3) in base 14?
-2c0
What is 130332 (base 5) in base 8?
11744
2182 (base 12) to base 7
13532
What is -111010011000 (base 2) in base 10?
-3736
Convert 2ca (base 16) to base 6.
3150
8682 (base 10) to base 13
3c4b
What is -150 (base 9) in base 3?
-11200
-3011033 (base 4) to base 13
-5990
-2442 (base 6) to base 16
-25a
-444424 (base 6) to base 3
-1220011221
Convert -124641 (base 7) to base 5.
-1221204
What is b159 (base 12) in base 14?
700d
7a8 (base 14) to base 9
2068
What is 657 (base 14) in base 16?
4e5
Convert -1489 (base 13) to base 14.
-1134
Convert -713 (base 11) to base 14.
-457
Convert -5666 (base 7) to base 4.
-200021
Convert -120 (base 11) to base 13.
-b0
What is 13544 (base 14) in base 2?
1011101001001000
Convert 2121 (base 10) to base 6.
13453
Convert 1b38 (base 16) to base 15.
20e8
2517 (base 12) to base 16
1063
What is -4d3 (base 15) in base 5?
-13343
-66565 (base 7) to base 13
-781c
What is -205 (base 13) in base 5?
-2333
What is 732 (base 13) in base 15?
569
What is -4ea (base 15) in base 6?
-5104
What is -10011110001010 (base 2) in base 3?
-111212220
Convert 330 (base 11) to base 16.
18c
1110110010010 (base 2) to base 4
1312102
Convert 3441 (base 8) to base 6.
12241
What is -3240 (base 6) in base 16?
-2e8
4a03 (base 16) to base 12
ab6b
Convert a25a (base 14) to base 8.
66410
Convert -4541 (base 6) to base 10.
-1069
Convert 10045 (base 6) to base 16.
52d
100110210 (base 3) to base 6
51550
12512 (base 7) to base 6
23245
What is 5a5a (base 14) in base 4?
3312100
What is 8346 (base 10) in base 14?
3082
222320 (base 4) to base 11
2075
1122202110 (base 3) to base 15
9a03
Convert -77037 (base 8) to base 16.
-7e1f
What is 1a571 (base 12) in base 16?
97a5
What is -2054 (base 11) in base 9?
-3653
What is -2351 (base 7) in base 12?
-605
121121101 (base 3) to base 16
2f4a
Convert -432 (base 9) to base 2.
-101100001
Convert -731 (base 9) to base 8.
-1123
-113100 (base 4) to base 9
-2033
23230 (base 4) to base 3
1000201
Convert -1a8 (base 12) to base 13.
-17c
Convert -5221 (base 6) to base 14.
-5d3
What is 46b (base 14) in base 15?
3d9
688 (base 12) to base 8
1710
What is -2040 (base 8) in base 11?
-880
-142f (base 16) to base 11
-3978
Convert 18620 (base 9) to base 2.
11001001100001
What is 1d92 (base 14) in base 15?
1915
What is -4512 (base 7) in base 2?
-11001011010
What is -4712 (base 8) in base 3?
-10102211
-7272 (base 11) to base 8
-22646
-1001101011 (base 2) to base 9
-757
1260 (base 11) to base 5
23024
Convert -16a3 (base 12) to base 11.
-2049
What is -eaa (base 16) in base 10?
-3754
What is -123312 (base 4) in base 13?
-a71
What is -12301 (base 9) in base 16?
-2047
What is -1111111 (base 2) in base 13?
-9a
22e (base 15) to base 3
200022
144 (base 9) to base 11
100
What is -857c (base 16) in base 10?
-34172
Convert -110011 (base 3) to base 5.
-2303
-14002 (base 5) to base 10
-1127
-16771 (base 8) to base 15
-2418
-331410 (base 5) to base 11
-8697
-1236 (base 14) to base 12
-1a14
-10102222 (base 4) to base 5
-1030303
Convert 1031 (base 10) to base 6.
4435
Convert -31404 (base 6) to base 12.
-2564
What is 16c (base 16) in base 11?
301
What is 1102123 (base 5) in base 2?
100101001011110
Convert 14350 (base 6) to base 16.
8fa
Convert 4643 (base 10) to base 16.
1223
What is 24400 (base 5) in base 16?
73a
What is -164 (base 14) in base 3?
-101112
-101100011010 (base 2) to base 7
-11200
What is 11110111 (base 2) in base 13?
160
Convert -24550 (base 7) to base 12.
-389a
What is 200 (base 3) in base 14?
14
Convert -44f (base 16) to base 5.
-13403
What is 11000101 (base 2) in base 16?
c5
Convert 234413 (base 6) to base 3.
1001001200
What is -2112212110 (base 3) in base 14?
-14421
What is -560 (base 15) in base 4?
-102333
5151 (base 7) to base 14
928
Convert -552200 (base 6) to base 16.
-b328
21310212 (base 4) to base 14
10938
What is -221 (base 6) in base 15?
-5a
-1000110 (base 3) to base 9
-1013
Convert -203525 (base 6) to base 14.
-5d93
-b800 (base 13) to base 16
-63af
226042 (base 8) to base 3
10220101201
12322201 (base 4) to base 16
6ea1
What is 22320 (base 4) in base 16?
2b8
312b (base 13) to base 11
511a
21b9 (base 12) to base 9
5116
1001202002 (base 3) to base 11
1481a
Convert -10110000110101 (base 2) to base 10.
-11317
Convert -3023214 (base 5) to base 9.
-73544
Convert 66031 (base 9) to base 15.
ce7d
What is 1212 (base 5) in base 2?
10110110
What is 211202 (base 3) in base 13?
383
-220021202 (base 3) to base 16
-4529
3232 (base 4) to base 9
284
What is 2024 (base 8) in base 14?
548
Convert 222101 (base 3) to base 16.
2c8
Convert -1 (base 14) to base 2.
-1
Convert -3121010 (base 4) to base 13.
-6428
What is d40 (base 16) in base 11?
2604
Convert -1c550 (base 13) to base 11.
-38a4a
Convert -103432 (base 5) to base 10.
-3617
What is -ec (base 15) in base 3?
-22020
Convert -1100101111 (base 2) to base 12.
-57b
What is -1202144 (base 5) in base 8?
-53236
-312213 (base 4) to base 15
-1080
-36 (base 10) to base 2
-100100
What is -1546 (base 13) in base 12?
-1964
321425 (base 6) to base 4
12122321
-3154 (base 6) to base 16
-2ce
What is 1b695 (base 13) in base 14?
158b6
Convert 11320 (base 4) to base 16.
178
What is -2774 (base 8) in base 6?
-11032
What is 514 (base 8) in base 9?
408
341 (base 14) to base 5
10040
16151 (base 9) to base 7
44152
110001110 (base 2) to base 3
112202
Convert 2048 (base 9) to base 15.
6a2
What is -103233 (base 4) in base 3?
-1201210
What is -4811 (base 16) in base 7?
-104534
Convert -24c (base 16) to base 14.
-300
What is -2412 (base 6) in base 4?
-21020
What is 60621 (base 8) in base 16?
6191
What is 1111001101101 (base 2) in base 3?
101200111
Convert 104044 (base 5) to base 10.
3649
-100011001111011 (base 2) to base 13
-829c
-580c (base 16) to base 5
-1210130
What is 1120112 (base 3) in base 7?
3230
Convert 14020 (base 7) to base 5.
110122
-3284 (base 9) to base 10
-2425
-1129 (base 14) to base 13
-1480
2121 (base 4) to base 9
180
What is -312221 (base 4) in base 16?
-da9
What is -874 (base 9) in base 2?
-1011001011
Convert -901 (base 14) to base 9.
-2371
What is 351 (base 8) in base 12?
175
-10233 (base 6) to base 2
-10101101101
14f (base 16) to base 13
1ca
Convert 4b (base 12) to base 15.
3e
Convert -5c7c (base 14) to base 15.
-4bdc
What is -11011101111111 (base 2) in base 5?
-423312
Convert -607 (base 8) to base 4.
-12013
What is -2004424 (base 5) in base 12?
-16534
What is 42ab (base 13) in base 10?
9267
67 (base 16) to base 4
1213
-8501 (base 13) to base 14
-69dc
What is 15541 (base 6) in base 13?
1237
Convert -1204 (base 11) to base 15.
-702
-605 (base 10) to base 3
-21